hen 55 is divided by d(k).
17
Calculate the remainder when 206/8 + (-7)/(-28) is divided by 7.
5
Suppose -l - 3 - 9 = -5*w, 3*l - 29 = 2*w. Suppose -2*f + 10 = -0*f. What is the remainder when l is divided by f?
3
Suppose 3*i + 4*h = 22, -21 = -i + 5*h - 1. Calculate the remainder when i is divided by 2.
0
Let j = 1 - -1. Suppose j*r = 40 + 18. Let f = r + -14. Calculate the remainder when f is divided by 8.
7
Suppose -w = 2 - 4. Let u = w + 1. Let t(h) = -h**3 + 5*h**2 - 2*h. Calculate the remainder when 34 is divided by t(u).
10
Suppose -24 = 7*s - 3*s. Let h(m) = -m**3 - 6*m**2 - m - 2. Suppose 3*u = -4*g + 26, -g = -u - 4*g + 17. Calculate the remainder when h(s) is divided by u.
0
What is the remainder when 77 is divided by (16 + -3 + 0)*2?
25
Suppose 4*g + 3*q = 432, 0 = 5*g - 2*q - 3*q - 575. What is the remainder when g is divided by 28?
27
Let l = 16 + -13. Suppose l*d = -2*v - 1, 2*d + d + 13 = v. What is the remainder when 13 is divided by v?
1
What is the remainder when -2 + 84/2 + (-3 - 1) is divided by 14?
8
Suppose 2*w = m + 67, w - 3*m = -w + 61. What is the remainder when w is divided by 19?
16
Suppose -5 + 1 = 4*v, 4*b - 2*v - 10 = 0. Let w be (-1)/(-4) - 1/4. Let m = b - w. What is the remainder when m is divided by 1?
0
Let h(y) = 3*y**2 - 3*y + 2. Let g(t) = -6*t - t + 1 - 14*t**2 + 13*t**2. Calculate the remainder when h(3) is divided by g(-6).
6
Suppose 77 = -4*a - 99. Let z = a - -88. Calculate the remainder when z is divided by 12.
8
Let r(b) = -16*b**2 - 2*b + 10 + 17*b**2 - 2*b. Let l be r(7). Suppose 2*p - l = -5*i, -3*i = -p - 4*p. Calculate the remainder when 7 is divided by p.
1
Let h = 42 + 47. What is the remainder when h is divided by 26?
11
Suppose 3*g = -0*g + 126. What is the remainder when g is divided by 11?
9
Suppose 0*k + 3*s + 75 = 3*k, s - 27 = -k. What is the remainder when k is divided by 14?
12
Suppose -3*r - 4*x = 9, -3*r - 43 = -3*x - 13. Let b be (-2)/r - (-6)/(-21). Suppose -c + 0 + 3 = b. What is the remainder when 4 is divided by c?
1
Suppose 6*c - 100 = 2*c - 4*w, -2*c - 4*w + 60 = 0. Let n be (8 - (-5 + 2))/(-1). Let l(o) = o + 18. What is the remainder when c is divided by l(n)?
6
Suppose 2*p - 88 = -2*r + 28, -2*r = -5*p - 102. What is the remainder when r is divided by 19?
18
Let s = 101 + -62. Calculate the remainder when s is divided by 21.
18
Suppose -3*x + 3*f = 2*f - 406, 678 = 5*x - 2*f. Calculate the remainder when x is divided by 34.
32
Let m(o) = 41*o**2 - 2*o + 2. What is the remainder when 120 is divided by m(1)?
38
Suppose -2*k = -0*k - 8. Suppose -79 = k*o - 5*u, -2*o + 4*u - 32 = -0*u. Let p = o + 90. What is the remainder when p is divided by 22?
20
Let t = 21 - 9. Let d = 24 - t. Calculate the remainder when d is divided by -1*(-1)/2*14.
5
Let a(n) = -n + 4. Let g be a(7). Let c = g + 7. Suppose -c*p + 5*j + 137 = 0, 3*j = p + 4*p - 155. Calculate the remainder when p is divided by 10.
8
Suppose 2*o - 17 = -g, 2*o = 2*g - 3*o + 11. Calculate the remainder when 32 is divided by g.
4
Let c(t) = -t**3 + 13*t**2 - 12*t + 31. Calculate the remainder when c(12) is divided by 8.
7
Let w(y) = 4*y**2 - 5*y - 13. Let a(h) = -3*h**2 + 5*h + 12. Let o(c) = 6*a(c) + 5*w(c). Calculate the remainder when o(-5) is divided by (-22)/(-8)*60/15.
10
Let q = -18 + 39. Calculate the remainder when 59 is divided by q.
17
Let a(b) = b - 3. Let p be a(8). Calculate the remainder when ((-1104)/(-40))/(1/p) is divided by 35.
33
Let b = -15 - -22. Calculate the remainder when 86 is divided by b.
2
Suppose 0 = -5*r - 8 - 7. Let d = 6 + r. Suppose d*q - 9 = 4*m + 3, -q - 3*m = -17. Calculate the remainder when q is divided by 3.
2
Let l = 82 - 72. What is the remainder when 10 is divided by l?
0
Suppose 0*w + w = -4. Let q = w + 0. Calculate the remainder when 452/20 - q/10 is divided by 12.
11
Let j(t) = t - 1 - 1 + 7*t + t. Calculate the remainder when 29 is divided by j(2).
13
Suppose 3*w + 6 = 15. Suppose -2*n = w*x - 97, -3*x + 4*n + 116 = x. Calculate the remainder when 90 is divided by x.
28
Let z be 3/((27/(-6))/3). Let v be z/(-1)*(-34)/(-1). Let c = -24 + v. What is the remainder when c is divided by 15?
14
Let o(i) = i**3 + 11*i**2 - 10*i + 15. Let v be o(-12). Let g(y) = y**2 + 4*y - 13. Calculate the remainder when g(v) is divided by 17.
15
Suppose 5*s = 4*d - 286, 3*s = -3*d - s + 199. Suppose 8*i - d = 3*i - y, 0 = i + 4*y - 10. Calculate the remainder when i is divided by ((-5)/2)/((-2)/4).
4
Let l = 133 - 105. Calculate the remainder when 111 is divided by l.
27
Let y(j) = 3*j + 7. Suppose -a + 0*a + 12 = 0. Calculate the remainder when y(5) is divided by a.
10
Let h(w) be the third derivative of -3*w**2 + 0*w - 5/12*w**4 + 0 - 1/6*w**3 - 1/60*w**5. Calculate the remainder when h(-9) is divided by 3.
2
Let r = 229 - 188. What is the remainder when r is divided by 11?
8
Let m be (-7)/3 - (-2)/(-3). Let i = m + 12. Calculate the remainder when i is divided by 6.
3
Let z = -24 + 6. Suppose x - 33 = -2*x. Calculate the remainder when (14/(-3))/(4/z) is divided by x.
10
Let y be 18/(-5)*(-20)/6. Let k = y + -22. Let r = k + 18. What is the remainder when 14 is divided by r?
6
Let q(m) = -m**3 - 3*m**2 - 5*m. What is the remainder when 58 is divided by q(-3)?
13
Suppose 8*q = -3 + 83. Calculate the remainder when q is divided by 5.
0
Let y = -60 - -70. Suppose o - 6 = 4*o. What is the remainder when 2*(1 - 27/o) is divided by y?
9
Suppose 0 = 35*q - 36*q + 52. Suppose o = -2*w + 37, -2*w - 5*o = -w - 23. Calculate the remainder when q is divided by w.
16
Let c = -62 + 42. Let m = 33 + c. What is the remainder when 49 is divided by m?
10
What is the remainder when 11 is divided by 156/28 - 4/7?
1
Let z(g) = 3*g + 4. Suppose k - 5*k = -m + 21, m + 4 = -k. What is the remainder when 1/k + 484/20 is divided by z(3)?
11
Suppose 4*c - 1 + 9 = 0. What is the remainder when 1/(4*c/(-456)) is divided by 20?
17
Let h(t) = 2*t**2 + 5*t + 3. Let k be h(-3). Let g = k - -4. What is the remainder when 22 is divided by (12/15)/(1/g)?
6
Let l(c) = 2*c - 11. Let h be l(9). Let p = -6 + h. Calculate the remainder when 1 is divided by p.
0
Let u = -78 + 157. Calculate the remainder when u is divided by 23.
10
Suppose q + 15 = 2*m, 4*m - q - 4*q = 39. Calculate the remainder when 28 is divided by m.
4
Let x(z) = 3*z**2 - 11*z - 2. What is the remainder when x(-3) is divided by 18?
4
Suppose 0 = 4*u - 12 - 0. What is the remainder when u is divided by 3?
0
Let z = 64 + -51. Calculate the remainder when 74 is divided by z.
9
Suppose -3*w = -3*r + 519, -16*w + 17*w - 175 = -r. Calculate the remainder when r is divided by 16.
14
Let x = 48 - 31. What is the remainder when x is divided by 10?
7
Let k(z) = -z**2 - 4*z. Let m = -7 - -1. Calculate the remainder when (-9)/m*(-64)/(-12) is divided by k(-3).
2
Let h(x) = 2*x + 1. Let o be h(3). Suppose f - o = -2. Calculate the remainder when 7 is divided by f.
2
Let k = -140 - -205. Calculate the remainder when k is divided by 17.
14
Let z(a) = -4*a + 10. Let o(w) = -5*w - 3. Let p be o(-2). Let n be z(p). Let j = n + 29. Calculate the remainder when 20 is divided by j.
9
Let r be (6/4)/(3/6). Suppose 24 = -r*v - v. What is the remainder when (-4)/6 + (-22)/v is divided by 2?
1
Suppose 4*a - 3*l - 68 = 0, -l - 2*l = -a + 26. Let m be 4/14 + 52/a. Suppose 0*f - m*f + 136 = 0. Calculate the remainder when f is divided by 18.
16
Suppose -n - 16 = -2*n. What is the remainder when 76 is divided by n?
12
Let b(d) = -2*d**3 + 12*d**2 + 3*d - 16. Let r(z) = -z**3 + 6*z**2 - z + 8. Calculate the remainder when b(6) is divided by r(6).
0
Calculate the remainder when 312/(-6)*(0 - 1) is divided by 19.
14
Suppose -3*k + 19 = -92. Let b = -24 + k. Calculate the remainder when (-268)/(-7) - 12/42 is divided by b.
12
Let y(n) = 83*n**2 + n - 2. What is the remainder when y(1) is divided by 21?
19
Let i = -148 - -267. Calculate the remainder when i is divided by 41.
37
Let q = 48 + -28. What is the remainder when q is divided by (11 - 10)*(12 - 1)?
9
Let b(o) = o**2 + 1. Suppose -195 = -3*f + 6. What is the remainder when f is divided by b(4)?
16
What is the remainder when ((-6)/4)/((-3)/116) is divided by 20?
18
Let d(t) = t**2 - 6*t + 2. Let b be d(6). Suppose l + c + 4*c = 10, 